rue
Let h(f) = -20630*f + 1011. Is h(-5) a composite number?
False
Let y(m) be the first derivative of 20*m**3/3 + 11*m**2/2 + 16*m + 35. Suppose t = -2*i + 1, 5*t + 0*t + 4*i = -19. Is y(t) a composite number?
False
Let a(v) = -9*v**2 - 768*v + 14. Is a(-9) composite?
False
Suppose 0 = -3*l + 4*g - 4, 4 = -0*l + 5*l + 4*g. Let p(o) = -8*o - 9. Let n be p(-9). Suppose -3*i + l*i + n = 0. Is i a composite number?
True
Suppose -5*q = p + 626, -18*p + 21*p - q = -1894. Let i = p - -4424. Is i a prime number?
True
Suppose -899*j = -859*j - 1560760. Is j a composite number?
False
Let j = 38 + -38. Is (-45008)/(-16)*(1 + j) prime?
False
Let b(s) = -s - 21. Let i be b(-9). Let h = -12 - i. Suppose h = -o + 4*d + 211, -d = 6*o - o - 1118. Is o prime?
True
Let m = 52 + 754. Suppose 2*i + 0*n + 5*n = 1597, -i - 5*n = -m. Is i composite?
True
Let w = 538 - 535. Let z(a) = 83*a**2 - a - 5. Is z(w) a prime number?
True
Let t(p) = 1115*p**2 + 576*p - 6. Is t(7) prime?
True
Suppose -5*h + 285 = -5*i, 3*h - 230 = -0*i + 4*i. Let d = -57 - i. Suppose d*k - 528 = -k - 3*v, -2*k + 2*v + 364 = 0. Is k a composite number?
False
Is ((-18)/60 + (-48)/(-60))*16246 a prime number?
True
Suppose -3*b - 221 = -197. Is (-1145367)/(-236) - (-2)/b a composite number?
True
Let u(m) = 1571*m - 88. Let i(z) = 785*z - 43. Let d(n) = -13*i(n) + 6*u(n). Let h be d(-10). Is ((-8)/12)/(((-24)/h)/4) a composite number?
True
Let o = 52197 - 34684. Is o a composite number?
True
Let x(n) = 8343*n - 2852. Is x(11) prime?
False
Suppose -3*b + 2*c + 108105 = 0, b = 62*c - 64*c + 36043. Is b composite?
False
Let x(d) = -194*d - 13. Let r be x(-1). Suppose -z + 3*m + 187 = 4*m, -2*m - r = -z. Is z a composite number?
True
Let h = 106626 + -71033. Suppose l = 4*s - h, 26055 = 5*s - 4*l - 18428. Is s prime?
False
Suppose -9*h + 40668 = -21*h. Let l = -1550 - h. Is l a composite number?
True
Suppose s + 2*z + 13 = 0, -9 = 5*s - 13*z + 9*z. Is (6248 + s)/(-11 + 14) composite?
False
Suppose -4*m = -3*c + 11207, 5*m + 14944 = c + 3*c. Suppose -3*i + c = 3*q, 3*q + 2*i + 2*i - 3741 = 0. Is q a prime number?
False
Let c(p) = -23036*p**3 + p**2 + 2*p + 4. Is c(-1) a composite number?
False
Let m(t) be the third derivative of t**5/6 - 9*t**4/8 + t**3/6 + 27*t**2. Let k be m(11). Is (2/4)/(1/k) a prime number?
True
Let o = -9455 + 17094. Is o composite?
False
Let h be -2*(-6)/24*862 + 4. Suppose -2*r = 2*p - 164, r = -2*r - 5*p + 238. Suppose 83*b + h = r*b. Is b composite?
True
Let p be 0 + (-4)/(-7)*21/6. Suppose -p*f + 1910 = -1426. Suppose -f = -0*a - 4*a. Is a a composite number?
True
Suppose -5200 = -30*r + 4790. Let g = r - 155. Is g a prime number?
False
Suppose 3*s + 499370 = 5*r, 134*s - 130*s = 3*r - 299633. Is r a prime number?
True
Suppose 509*u - 250*u = 241*u + 870894. Is u prime?
True
Let d(j) = 7*j**2 - 4*j - 4. Let k(s) = -s + 13. Let r be k(8). Let x be d(r). Suppose v + x = 1010. Is v a prime number?
True
Let b = 418681 - -12522. Is b a composite number?
False
Suppose 5*a + 5*o = -30, -5*o + 3*o - 15 = 3*a. Let c be 0/(2/a + 13/(-39)). Suppose 3*b + 2*b - 11535 = c. Is b composite?
True
Suppose 615*s - 612*s + 169728 = 3*p, 4*p - 226311 = 5*s. Is p a prime number?
True
Suppose 2*z = 18*h - 23*h + 11496, 20 = -5*h. Is z a prime number?
False
Suppose 11 = -6*i + 23. Is (i - (-7)/(-3))/((-1)/6159) a prime number?
True
Suppose 2*v + 10 = -l + 2*l, 6 = 5*l + v. Let z(w) = 3387*w**2 + w - 7. Is z(l) a composite number?
True
Suppose 208*r - 427*r + 212*r + 100583 = 0. Is r composite?
False
Let q be -24 + 3 + -4 + -3. Let x be (-27 - q)*(-1 - 0). Is (-88 + (-3 - 0))/x composite?
True
Suppose 610607 = 49*p - 353762. Is p composite?
False
Let f = 12544 - -17665. Is f composite?
True
Suppose 0 = 5*j + 3*z - 19, 4*z = 2*j + 11 - 3. Is -1 + (4 - j) - (1 + -17899) composite?
True
Suppose 30*q = -2*m + 27*q + 79, -111 = -3*m - 3*q. Suppose -m*n + 19525 = -79707. Is n a prime number?
False
Is 50321475/175 - 14 - 4/14 a composite number?
False
Let m = 28 - 26. Let c be 24/(-10)*35/m*1. Is c/(-14) + (-1564)/(-2) composite?
True
Is (64023/9)/((-6)/(-198)) a composite number?
True
Suppose -3*m + 2*b + 92 = 0, -5*m - 5*b + 120 = -0*m. Let p be 1/(-1) + (-290)/5. Let z = m - p. Is z composite?
True
Suppose 19 = -5*y - 2*p, p + 4*p = -3*y - 19. Let l(a) = -304*a + 3 - 1 + 18*a + 39*a. Is l(y) composite?
False
Suppose -57*q = -59*q + 12. Suppose q*n - 12181 = -7*n. Is n a prime number?
True
Let o(s) = 65*s - 29. Let i be o(1). Is 1303290/126 - (i/14 - 2) a prime number?
True
Let r(f) = -1476*f**3 - 23*f - 149. Is r(-5) composite?
True
Let i(z) = 41*z**2 + 49*z - 19. Is i(-20) a prime number?
True
Suppose -45*s + 12 = -42*s. Suppose 8093 = g + v, -5*v = 6 + s. Suppose -g = -2*o - b, -2358 - 17877 = -5*o - 2*b. Is o prime?
False
Let l(y) = 2*y**3 - 30*y**2 - 13 - 30*y**2 + 4*y + 70*y**2. Is l(9) a prime number?
False
Let l(c) = 2*c**2 + 21*c - 89. Let m be l(-14). Suppose -39571 + 4282 = -m*s. Is s a composite number?
True
Suppose 0 = 73*u - 69*u + k - 1839487, -3*u - 3*k + 1379622 = 0. Is u composite?
True
Let o(f) = -f - 6. Let t be o(22). Let q = -33 - t. Let v(a) = -10*a + 5. Is v(q) a prime number?
False
Let n(z) = z**3 + 35*z**2 - 255*z - 44. Is n(45) a prime number?
False
Suppose 0 = 5*c - 72189 - 47416. Is c prime?
False
Suppose -2719*k + 25628250 = -2645*k - 32979232. Is k a prime number?
True
Let b(r) = 1046*r - 5 + 7 - 4 - 1. Is b(1) composite?
True
Is ((-102)/(-340))/((-9)/(-12)) - 3620506/(-10) prime?
True
Let p(f) = 5*f**2 - 22*f - 16. Let j be p(5). Is j - (-2 + -4043 - 5) composite?
False
Let w be (-9)/(-6 + 3) - -2. Suppose -5*j + 5771 = 4*c, w*c - 7249 = 3*j - 26. Let q = c + -939. Is q a composite number?
True
Let b(j) = 351*j**2 - 8*j - 16. Let q be b(-5). Suppose -k + 0*r - r = -8774, 4*r = k - q. Is k a prime number?
True
Suppose 0 = -44*a + 715964 + 596248. Is a composite?
True
Suppose -5*l + 34487 = -o, 1065*l - 6913 = 1064*l - 5*o. Is l composite?
True
Let d(v) = -2*v**2 + v - 19. Let u be d(0). Let l = u - -24. Suppose t + l*t = 60. Is t composite?
True
Suppose 6*k = 2*k + 12. Suppose -3*h = -k*i - 0*h + 3792, i = 2*h + 1266. Suppose 2*y - i = -3*j + 3*y, 0 = -3*j + 3*y + 1272. Is j composite?
False
Suppose i = 3*j + 6*i + 1246, 0 = 4*i - 4. Let h = -893 - -1501. Let z = h + j. Is z composite?
False
Let q(g) = -8 + 2*g + 1345*g**2 - 2121*g**2 + 4470*g**2 + 6*g + 1944*g**2. Is q(1) a prime number?
False
Let b(r) = 22*r**3 + 9*r**2 - 14*r + 158. Is b(13) prime?
True
Suppose -2*r - k + 621118 = 0, -2*k + 310559 = 19*r - 18*r. Is r composite?
False
Suppose 5*r = -5*z + 907285, -z - 39182 + 220639 = 5*r. Is z a prime number?
True
Suppose -4*p + 36 = 4*y - 16, -30 = -2*p - 4*y. Suppose -p = -4*q - 3*m, -27 = -5*q - 2*m - 8. Suppose 2*w - 3*w = 2*n - 24, q*n = -5*w + 95. Is w prime?
False
Suppose 1529*t = 1555*t - 40534. Is t a prime number?
True
Let f(u) be the third derivative of -7*u**4/12 - 16*u**3/3 - 11*u**2. Let q be f(-16). Suppose -6*y + q = -4590. Is y prime?
True
Suppose 18*v - 330 = -4*v. Let i(t) = 40*t**2 + 11*t + 74. Is i(v) prime?
True
Let i(o) = o**3 + 8*o**2 + 8. Let d be i(-9). Let h = 108 + d. Let k = -9 + h. Is k composite?
True
Let l be (-725)/(-55) + -1*(-2)/(-11). Suppose l*c + 84090 - 255235 = 0. Is -1 - 1 - c/(-5) a prime number?
False
Suppose 3*n - 14 = -4*n. Let b be (-13 - -13)/(2/(n - 0)). Suppose -k - 150 = -2*x, -x + 9*k - 4*k + 84 = b. Is x prime?
False
Let u(v) = v**2 - 80*v + 2144. Let o be u(44). Let t = -1280 + 2394. Let j = t - o. Is j prime?
False
Suppose 0 = 447*q - 425*q - 1948166. Is q composite?
True
Let p = -45854 + 69351. Is p composite?
False
Let n(i) = 5*i**3 - 2*i + 1. Let h be (6/(-8))/(4 - 102/24). Let b(q) = 4*q**3 - q**2 - 2*q. Let f(m) = h*b(m) - 4*n(m). Is f(-3) prime?
True
Let a(v) = -140 + 3*v**3 + 925 - 4*v**3 + 2*v**3 - v. Let i = 195 - 195. Is a(i) prime?
False
Suppose -6*q + 7*q = 310. Suppose 0 = -2*y - 8, -2*y + 3*y = -r + q. Is r*((-110)/(-4))/5 a composite number?
True
Let v = 27 + -19. Suppose 8*t - 8 - v = 0. Suppose t*w = -4, -4*w + 6*w + 3518 = 2*k. Is k a composite number?
True
Suppose 0 = 4*f - 220 + 7628. Is f/(-10) + (-3)/(-15)*-1 composite?
True
Suppose -g - 17 = -0*h - 4*h, 0 = -3*g + 4*h - 11. Suppose g*u - 99